 prime factors of x.
5
Let u(f) = 2*f**2 - 20*f + 1. Let j be u(10). Let g be (0 - (-3)/j) + -4. What are the prime factors of g/(2 + 412/(-204))?
3, 17
Suppose 2*i - 5 + 1 = 0. Let v(f) = -f**3 - 22*f**2 + 6*f + 170. Let c be v(-22). Suppose u - i*b + c = 2*u, 3*b = 4*u - 174. What are the prime factors of u?
2, 3, 7
Let l(u) = u + 12. Let k be l(-14). Let w(d) = 169*d**2 - 5*d - 11. List the prime factors of w(k).
3, 5
Suppose -8*t + 12 = -12. Suppose t*h - 384 = -5*h. Suppose 2*k = 0, 0 = -a - a - 2*k + h. List the prime factors of a.
2, 3
Suppose -28532 = -719*s + 714*s - 3*q, 0 = s + 3*q - 5692. What are the prime factors of s?
2, 5, 571
Let l(q) = -q**3 - 8*q**2 + 43*q + 675. What are the prime factors of l(-31)?
5, 4289
Let f(r) = 10*r**2 - 6*r - 3. Let a be f(3). List the prime factors of 366/(-4)*(-506)/a.
11, 61
Let q be 6 - (-3)/(0 - 3). Suppose -2*g - 817 = q*x, g - 483 = 4*x + 181. Let i = 403 + x. What are the prime factors of i?
2, 7, 17
Let k be (21 + 1061)*3*(-1)/(-3). Let c = k - 633. List the prime factors of c.
449
Let f(h) = 316*h + 9517. List the prime factors of f(16).
13, 19, 59
Let m be (-15)/2*((-208)/(-40) - 4). Let q(r) = -3*r - 24. Let t be q(m). Suppose 3*l + t*a - 333 = 0, 4*l - 557 = -l - 3*a. What are the prime factors of l?
2, 7
Let p be (74/4)/((-392)/80 - -5). Let o = -56 + p. What are the prime factors of o?
3, 43
Let z be 34/51 - 4/(-3). Suppose -v - z*q - 391 = 4*v, -v + 5*q = 62. Let i = -14 - v. What are the prime factors of i?
3, 7
Suppose b - 40 = -5*q, 2*q = -b - q + 32. Let i = -17 + b. Suppose m + 3*m - h = 157, -i*m - 4*h + 113 = 0. List the prime factors of m.
3, 13
Suppose -2*g + 42419 = 5*n - 105029, -3*n = -5*g - 88444. List the prime factors of n.
2, 19, 97
Suppose 3*w - 893 = 70. What are the prime factors of w*((-2)/(-12))/((-15)/(-120))?
2, 107
Let m(z) = 2*z**2 + 18*z - 174. Let d be 1/(-9)*182 - 4/(-18). What are the prime factors of m(d)?
2, 7, 19
Suppose 2*y + f - 6*f - 9 = 0, 5*y - 12 = 2*f. Suppose p + 5*k - 105 = 0, -3*p - y*k + 21 = -307. List the prime factors of p.
2, 5, 11
Suppose -31*m + 25*m = -4800. Suppose -12*k + 4384 = -m. List the prime factors of k.
2, 3
Let x be (-6 + 8)*39/1. Let t = x + 14. What are the prime factors of t?
2, 23
Let g(l) = -2043*l. List the prime factors of g(-1).
3, 227
List the prime factors of (1 - -8)/((-19)/57)*(-21826)/42.
3, 1559
Suppose -42*m + 34*m + 69000 = 0. List the prime factors of m.
3, 5, 23
Let c(f) = 57*f**3 + 6*f**2 + 9*f - 139. What are the prime factors of c(6)?
23, 541
Suppose -13*o + 18*o = 0. Suppose o = 10*j - 78 + 58. Suppose j*n + 243 = 11*n. What are the prime factors of n?
3
Let q be -1 - (-3 - -2 - 846). Let w = q - 842. What are the prime factors of w?
2
Let b(c) = 874*c - 844. List the prime factors of b(6).
2, 5, 11
Let l be ((-10)/15)/((-2)/(-3)). Let k be 0*(-3 - l)/(-2). Suppose k = -3*v - 4*x - 127 + 387, 4*x + 108 = v. List the prime factors of v.
2, 23
Let d be (180/(-210))/(9/(-42)). List the prime factors of ((-714)/d)/((-51)/68).
2, 7, 17
Suppose 78 = j - 8. Let a = j + 17. Suppose p - a = 43. List the prime factors of p.
2, 73
Suppose 14*m - 21 = 7. Let z be ((-5)/m)/(5/(-4)). Suppose 2*y - 3*l - 103 = 0, 5*y = 5*l - z*l + 262. List the prime factors of y.
53
Let p(v) = v**3 - 9*v**2 + 20*v. Let k be p(4). Suppose k = 2*n + 5*s - 372, 2*s + 532 = 3*n + 3*s. What are the prime factors of n?
2, 11
Let r = -53 - -80. Suppose -r = 10*c + 3. Let w(m) = 14*m**2 + m - 7. What are the prime factors of w(c)?
2, 29
Let b = -45 + 42. Let x = b - -7. Suppose -55 = -x*u - 2*f + 15, -55 = -2*u + 3*f. List the prime factors of u.
2, 5
Suppose 10*u - 75 = -15*u. What are the prime factors of 764 + 15/u - 4?
3, 5, 17
Let k(h) = 17*h**2 + 3*h + 10. Let y be k(4). Suppose 6*s - 630 = y. What are the prime factors of s?
2, 7, 11
Let v(z) = -z**3 - 4*z**2 + 2*z + 17. Let b be v(-4). List the prime factors of ((-8596)/(-42))/(6/b).
307
Suppose 0 = -3*d + 5*a - 44, -d - 3*a = 1 - 5. Let g be -1 + 1 + -1 - 1584/d. Let n = g - 101. What are the prime factors of n?
2, 3
Let r(c) = -20*c - 39. Let a be r(7). Let h = a + 185. List the prime factors of h.
2, 3
Let g be (-144)/(-120) + (1 - 2/10). What are the prime factors of g - (-4)/((-4)/(-729))?
17, 43
Suppose 735*a = 727*a + 26960. List the prime factors of a.
2, 5, 337
Let q(m) = -9018*m + 144. What are the prime factors of q(-4)?
2, 3, 503
Suppose 8*m - 85 = 3*m. Suppose -20*i + m*i = -12. Suppose i*d = -3*h + 544, -d - 4*h = -4*d + 383. List the prime factors of d.
7, 19
Let p = -29 - -42. Suppose -7*i + 40 = p*i. Suppose -3*v - 5*m = -623, 424 = i*v - 18*m + 17*m. What are the prime factors of v?
211
Let w(q) = -10*q**3 + 15*q**2 + 22*q + 11. Let k be w(-7). Suppose -11*s + 191 + k = 0. List the prime factors of s.
383
Suppose -30*o = -75*o + 146444 + 13981. What are the prime factors of o?
5, 23, 31
Let q(f) = f**3 + 11*f**2 + 10*f + 4. Suppose 3*m = 7*m + 40. Let b be q(m). Let s = 43 + b. List the prime factors of s.
47
Let t(w) = w + 16. Let l be t(-10). Let s be ((-58)/l)/((-17)/765). Suppose -s = -23*v + 18*v. List the prime factors of v.
3, 29
Suppose 0 = -14*q + 7*q + 56. Let b be (1 + 7)/((16/13)/q). Suppose b*a = 47*a + 1030. List the prime factors of a.
2, 103
What are the prime factors of (-4)/42 + 1720688/336?
3, 569
Let f = -22 + 41305. What are the prime factors of f?
3, 11, 139
Let f(x) = -403*x - 1393. What are the prime factors of f(-43)?
2, 3, 83
Suppose -v + 18811 = 4*i, i - 6*v - 4678 = 2*v. What are the prime factors of i?
2, 2351
Suppose 12*n - 14*n - 110 = 0. Let f be 4/10 + 22/n. Suppose -2*p - 2*p + 396 = f. What are the prime factors of p?
3, 11
Let p(n) = n**3 + 2*n**2 - 16*n - 4. Let v be p(4). Let j = 561 - 338. Let z = j - v. List the prime factors of z.
3, 5, 13
Let o(z) be the first derivative of -21*z**2/2 - 8*z - 29. Let s(m) = -m**2 + 8*m + 4. Let k be s(9). List the prime factors of o(k).
97
Suppose 61 - 49 = -2*v. Let r be -4 - ((-68)/8 - v/4). Suppose -4*k - z + 2*z = -581, r*k - 440 = 5*z. List the prime factors of k.
5, 29
Let a(w) = 222*w - 60. Let h be a(5). What are the prime factors of 4 + h - (-5 + 6)?
3, 13
Let a = -52277 + 87469. List the prime factors of a.
2, 53, 83
Suppose 2*n - 5*p - 13879 = -2132, -3*n - 3*p = -17694. What are the prime factors of n?
43, 137
Let a = 13998 + -8458. What are the prime factors of a?
2, 5, 277
Let h = 302 - 297. Suppose -15 = -3*g, -6*x + g = -h*x - 564. List the prime factors of x.
569
Let h(q) = -q**3 + 16*q**2 + 2*q - 37. Let k be h(16). Let s(y) = -242*y - 145. What are the prime factors of s(k)?
3, 5, 71
Let k(l) = -l**3 - 9*l**2 - 22. Suppose -5*s = 4*q + 44, 50 = -2*s + 3*q + 14. What are the prime factors of k(s)?
2, 5, 41
Let p be (0 + 1 - -56)*(-61)/(-3). Let o = p - 804. List the prime factors of o.
5, 71
What are the prime factors of (6/10)/(306/153 + (-27454)/13730)?
1373
Suppose 140*l - 2 = t + 142*l, -2*l - 8 = -2*t. Let y = -352 - -544. Suppose 2*a + t*a - y = 0. What are the prime factors of a?
2, 3
Let m(d) = d**3 - d**2 + 20*d + 78. Let z be m(-7). Let v = z - -2032. What are the prime factors of v?
2, 3, 263
Let t be (-4)/2 - (-55 + 591). Let m = 545 + t. What are the prime factors of m?
7
Let n(k) = -185*k + 1080. List the prime factors of n(-34).
2, 5, 11, 67
Let h = 6409 - -4147. List the prime factors of h.
2, 7, 13, 29
What are the prime factors of (-1983 - (-1 + 0))*(-1 - 2088/48)?
89, 991
Suppose 34*s + 117444 - 524164 = -6*s. What are the prime factors of s?
2, 31, 41
Let g(q) = q**3 + 12*q**2 + 35*q + 4. Let j be g(-7). Suppose 5*u + l + 2*l = 3789, -l = -j*u + 3021. List the prime factors of u.
2, 3, 7
Suppose 12*p - 2*m - 974 = 7*p, 0 = 5*p + 4*m - 992. Let v be 0 - (-4)/(-2) - 121. Let s = v + p. List the prime factors of s.
73
Suppose 3*s = 5*s + 4*p - 6598, 0 = 3*s - 2*p - 9921. What are the prime factors of s?
5, 661
Let o(q) = 464*q - 427. What are the prime factors of o(70)?
7, 19, 241
Suppose -58 + 14 = -11*j. Suppose -1368 = -j*n + 3156. What are the prime factors of n?
3, 13, 29
Let l(b) = -344*b - 6436. What are the prime factors of l(-107)?
2, 3, 2531
Let p(n) = 3850*n**3 + 2*n**2 - 5*n + 3. What are the prime factors of p(1)?
2, 5, 7, 11
Let m(p) = -